Suppose 0 = -2*w + 5*w + 9. Let c = v - w. What are the prime factors of c?
2
Let r be (6/(-4))/(15/(-680)). Suppose r = 5*c - c. List the prime factors of c + (-2 + 5 - 3).
17
Suppose -2*f + 0*f - 92 = -4*q, 5*f = -10. Suppose 0 = -0*z - 2*z + q. What are the prime factors of z?
11
Let u(c) = -c**3 + 7*c**2 - 9. List the prime factors of u(5).
41
Let g = -22 + 34. What are the prime factors of ((-9)/(-6))/(9/g)?
2
Let o = 13 + -8. Let c = o - 9. What are the prime factors of (6/c)/(3/(-4))?
2
Let u = 19 + -5. List the prime factors of u.
2, 7
Suppose 0 = 4*p + 5*o - 10, -2*p - 5*o = -0*o - 10. Suppose 3*s + p*s - 3 = -4*m, 2 = -3*m + 2*s. Let c = m + 13. List the prime factors of c.
13
Let y = 0 - 1. Let g be (2 - 4)*(-1 + y). Suppose -d + 5 = 0, -g*v - 2*d + 28 = -2*v. List the prime factors of v.
3
Let x(w) be the third derivative of w**7/1260 - w**6/240 - w**5/40 + w**4/8 + w**2. Let a(t) be the second derivative of x(t). List the prime factors of a(-2).
11
Suppose 3*l + 1 - 31 = -3*f, -5*l = 0. Suppose d - f = -0*d. List the prime factors of d.
2, 5
Suppose 5*k + 2*p - 3*p + 3 = 0, p - 3 = -2*k. What are the prime factors of 35 + (2 - -1) + k?
2, 19
Let z = -13 - -40. List the prime factors of z.
3
What are the prime factors of (-4)/(48/15)*-24?
2, 3, 5
Suppose 3*c - 6*b - 155 = -b, -4*c + 216 = -2*b. List the prime factors of c.
5, 11
Let l(c) = c**3 - 5*c**2 - 2*c + 6. Let i be l(5). Let b = i + 23. What are the prime factors of b?
19
Suppose 0 = -3*j + 6*t - t + 6, 4*j - 8 = -3*t. Suppose -100 = j*w - 6*w. What are the prime factors of w?
5
Let k(f) = 2*f**2 - 5*f**2 + 5*f + 4*f**2. What are the prime factors of k(-7)?
2, 7
List the prime factors of (17/(-3) - -5)/((-4)/474).
79
Let p = 62 - 30. List the prime factors of p.
2
Let f be -4 + (0 + -3)*1. Let p = 13 + f. What are the prime factors of p?
2, 3
Suppose -236 = -3*a + 2*p, -a - 2*a + 4*p = -232. List the prime factors of a.
2, 5
Suppose -799 = 13*s - 2749. What are the prime factors of s?
2, 3, 5
Suppose -2*b + 181 = 5*c, -5 = -5*b - 15. Suppose 3*w + c = 4*w. List the prime factors of w.
37
Suppose -5*x + 4*q = -0*x + 25, 2*x + 4*q - 18 = 0. Let p be x*81/((-3)/1). Let f = -11 + p. What are the prime factors of f?
2
Let z(v) = -5*v**2 - 15. Let c(i) = -3*i**2 - 10. Let d(u) = 8*c(u) - 5*z(u). Let g be 2/5 + (-72)/(-20). What are the prime factors of d(g)?
11
Let t(f) = f**3 - 10*f**2 + 14*f - 6. List the prime factors of t(9).
3, 13
Let i(f) = 12*f + 18. List the prime factors of i(4).
2, 3, 11
Let n(f) = f**2 + 9*f + 2. Let h be n(-8). Suppose 5*z = 4*r - 52, 0 = -3*r - 3*z + 6*z + 36. Let a = h + r. What are the prime factors of a?
2
Suppose 4*b + 16 = 4*a, 4*b = 3*a - 6*a + 19. Let k be (b - -1)*(-42)/(-12). Let q = 11 - k. List the prime factors of q.
2
Suppose 0 = 2*t - 2*q - 0 - 50, -3*t + 4*q + 80 = 0. Suppose -4*x + 16 = 3*b, t = 5*x + 2*b - 0*b. What are the prime factors of x?
2
Let i be ((-67)/3)/((-3)/9). Let m = -42 + i. Let n = -18 + m. List the prime factors of n.
7
Suppose 3*g = 5 - 17. Let s be (-3)/((-6)/g)*-17. Let l = s + -12. List the prime factors of l.
2, 11
Suppose 0 = -w + 4, -s - 26 = -3*s - w. Let z = 12 + s. What are the prime factors of z?
23
Suppose 95*n - 295 = 90*n. List the prime factors of n.
59
Let z = -2 - -6. Suppose 4*p + z*c - 1 - 11 = 0, 2*p + 3*c - 7 = 0. Suppose -3*h = -0*h - 5*f - 42, 5*h - p*f = 51. What are the prime factors of h?
3
Let b = -69 + 99. What are the prime factors of b/4*28/35?
2, 3
Let t be (-2)/8 - (-6)/24. List the prime factors of t - (3 + -3) - -3.
3
Suppose 2*g - m - 16 = 0, -g = 7*m - 2*m + 14. Let w = g + -1. Let y(r) = 4*r - 7. List the prime factors of y(w).
13
Let n be 228/(-8)*(-2)/3. Let v = 35 - n. List the prime factors of v.
2
Suppose 3 = 3*p - 4*p. Let k(u) = u**2 + 3*u + 4. List the prime factors of k(p).
2
Let o(a) = -3 - 2 + 2*a**2 - 7*a - 2. What are the prime factors of o(7)?
2, 3, 7
Let f be -7 - 3/(-1)*1. Let b be 2*-6*f/6. Suppose 2 = -q - q + 5*n, -2*n = -3*q + b. What are the prime factors of q?
2
Suppose 4*p - 9 = s - 61, -s - 2*p = -64. Suppose 0 = 2*l + 12 - s. What are the prime factors of l?
2, 3
Let s(c) = 7*c - 15. What are the prime factors of s(6)?
3
Let q be 12/(-10)*(-320)/(-24). Let a = q + 30. What are the prime factors of a?
2, 7
Let h be 8 - (-6 + 3/1). Let y(t) = t - 5. List the prime factors of y(h).
2, 3
Let d be 0*(-3 - (-10)/4). Let u be -2 + (d + 1 - -3). Suppose -4*z = 4, 5*f + 6*z - u*z - 51 = 0. List the prime factors of f.
11
Let t = -6 + 10. Suppose n - t*n + 12 = 0. Let h(x) = -x**3 + 4*x**2 + 2*x + 4. What are the prime factors of h(n)?
2, 3
Let m be ((-1)/(-2))/((-1)/(-300)). Suppose 7*c - 2*c = m. What are the prime factors of c?
2, 3, 5
List the prime factors of ((-42)/(-4))/(-4 - (-301)/70).
5, 7
Let x(w) = 4*w**2 - 2*w**3 + 3*w + w**2 + 2 + 3*w**3. Let r be x(-4). Suppose -4*t = -j - 12, -r*j + t = -2*j - 27. What are the prime factors of j?
2
What are the prime factors of (-4)/((-12)/15) + 2?
7
Let v(x) = -x**3 + x + 14. Suppose 0 = 6*i - 11*i. List the prime factors of v(i).
2, 7
Suppose 0 = -5*a + a - 44. Let q = a + 44. List the prime factors of q.
3, 11
Let x be 25/9 + (-6)/(-27). Suppose 0 = -d - x - 1. List the prime factors of ((-11)/d)/((-3)/(-12)).
11
Suppose 2*k + g - 3*g - 188 = 0, 5*g = -4*k + 394. What are the prime factors of k?
2, 3
Suppose 5*t = o + 405, 3*t = 5*o - 57 + 278. List the prime factors of t.
2, 41
Let z(q) = 6*q**3 - q**2. What are the prime factors of z(2)?
2, 11
Suppose 2*m = 6*m - 4. Let h be 3 + (m - 3) + -2. List the prime factors of h/((-3)/9) - -15.
2, 3
What are the prime factors of ((-1476)/(-54))/(4/3 - 1)?
2, 41
List the prime factors of 6/2*1*(-1513)/(-51).
89
Let h = -57 + 97. Suppose -h = -7*a + 2*a. List the prime factors of a.
2
Suppose 5 = n, -3*y = -0*y - 5*n + 25. Suppose -t = 2*t - 72. Suppose y*k - t = -2*k. List the prime factors of k.
2, 3
Let k(l) = -2*l**3 + 2*l. Let a be k(2). List the prime factors of (-39)/1*8/a.
2, 13
Let d(p) be the third derivative of 2*p**2 + 1/60*p**5 + 0*p**4 + 0 + 0*p - 1/3*p**3. What are the prime factors of d(3)?
7
Let q(a) = a**3 - 2*a**2 - a - 3. Let d be q(3). Suppose -7 = d*h - 19. Suppose h*f - 25 = -f. What are the prime factors of f?
5
Let w(i) = 21*i - 2. Let t be w(2). Suppose 0 = -5*n - 5 - t. Let p = 14 + n. List the prime factors of p.
5
Let h(w) = -w**3 - 6*w**2 - 3*w - 1. Let p be h(-6). Suppose -p = -2*n + 9. What are the prime factors of n?
13
Let s(l) = -8*l. Let p be s(-3). Suppose -p = -i - i. What are the prime factors of i?
2, 3
Let h = 25 - 37. List the prime factors of ((-4)/h)/(2/30).
5
Let h(p) = -p**3 - 5*p**2. Let m be h(-5). Let s be m + -1 + 4/1. List the prime factors of (-6)/(-9)*s*2.
2
Let n = 44 - -13. List the prime factors of n.
3, 19
Let l(w) = 15*w**2 + 7*w - 6. Let s be l(6). List the prime factors of s/80*(-20)/(-6).
2, 3
Let w(b) be the second derivative of -b**6/15 - b**5/60 + b**3/6 - 2*b**2 + 3*b. Let h(z) be the first derivative of w(z). What are the prime factors of h(-1)?
2
Let z = 133 - -18. What are the prime factors of z?
151
Let o = -2 + -4. Let p = o + 3. List the prime factors of (5 + (p - 0))*8.
2
Let f be 3 - ((-5 - -3) + 0). Suppose f*x = -25, -x + 3 = 5*n - 57. What are the prime factors of n?
13
Suppose 54 = -2*c + 3*z + 193, 4 = 4*z. List the prime factors of c.
71
Let p(c) = 4*c - c**3 + 8*c**2 - 7*c**2 - 3 + 4*c**2. What are the prime factors of p(5)?
17
Let r = 8 - -4. Let y = 21 - r. List the prime factors of y.
3
Let c = -49 - -71. What are the prime factors of c?
2, 11
Let v be 3 - (-114 + -1 + 3). Suppose 5*l = -2*k + v + 34, 5*k = l - 19. What are the prime factors of l?
29
Let d(p) = -p**2 + 5*p + 8. Let z be d(6). List the prime factors of ((-50)/(-4) - 2)*z.
3, 7
Suppose -s + 0*s + 3*r = -35, s + 2*r = 15. Let b = -14 + s. List the prime factors of b.
3
Let q be 4*3/12*4. Suppose 0 = d - 4*m - m - 43, 91 = 3*d + q*m. What are the prime factors of d?
3, 11
Let j(z) = 14*z - 3*z - 4 - 10*z. List the prime factors of j(14).
2, 5
Let x(s) = -s**3 - s**2 + 4*s - 1. Let t be x(-4). Let z = 43 - t. What are the prime factors of z?
2, 3
Suppose 2*n - 5*u + 0*u = 75, 174 = 5*n + u. Let v be (-4)/14 + 346/(-14). Let